[INFO] fetching crate rsure 0.9.0...
[INFO] checking rsure-0.9.0 against master#cfbc6d4cf1acbac5c025acf8ed68929caa551df3 for pr-75494-beta
[INFO] extracting crate rsure 0.9.0 into /workspace/builds/worker-0/source
[INFO] validating manifest of crates.io crate rsure 0.9.0 on toolchain cfbc6d4cf1acbac5c025acf8ed68929caa551df3
[INFO] running `Command { std: "/workspace/cargo-home/bin/cargo" "+cfbc6d4cf1acbac5c025acf8ed68929caa551df3" "read-manifest" "--manifest-path" "Cargo.toml", kill_on_drop: false }`
[INFO] started tweaking crates.io crate rsure 0.9.0
[INFO] finished tweaking crates.io crate rsure 0.9.0
[INFO] tweaked toml for crates.io crate rsure 0.9.0 written to /workspace/builds/worker-0/source/Cargo.toml
[INFO] crate crates.io crate rsure 0.9.0 already has a lockfile, it will not be regenerated
[INFO] running `Command { std: "/workspace/cargo-home/bin/cargo" "+cfbc6d4cf1acbac5c025acf8ed68929caa551df3" "fetch" "--locked" "--manifest-path" "Cargo.toml", kill_on_drop: false }`
[INFO] [stderr]  Downloading crates ...
[INFO] [stderr]   Downloaded weave v0.2.2
[INFO] running `Command { std: "docker" "create" "-v" "/var/lib/crater-agent-workspace/builds/worker-0/target:/opt/rustwide/target:rw,Z" "-v" "/var/lib/crater-agent-workspace/builds/worker-0/source:/opt/rustwide/workdir:ro,Z" "-v" "/var/lib/crater-agent-workspace/cargo-home:/opt/rustwide/cargo-home:ro,Z" "-v" "/var/lib/crater-agent-workspace/rustup-home:/opt/rustwide/rustup-home:ro,Z" "-e" "SOURCE_DIR=/opt/rustwide/workdir" "-e" "CARGO_TARGET_DIR=/opt/rustwide/target" "-e" "CARGO_HOME=/opt/rustwide/cargo-home" "-e" "RUSTUP_HOME=/opt/rustwide/rustup-home" "-w" "/opt/rustwide/workdir" "-m" "1610612736" "--user" "0:0" "--network" "none" "rustops/crates-build-env@sha256:a636fd89d022f18117e1dc8fb37a0a009933cdbbe082814857f0e2024962d47c" "/opt/rustwide/cargo-home/bin/cargo" "+cfbc6d4cf1acbac5c025acf8ed68929caa551df3" "metadata" "--no-deps" "--format-version=1", kill_on_drop: false }`
[INFO] [stdout] efe53c0fe4b9b54538d3fe266d44b2289cf20d2806af931cef84b5adbbdca4ab
[INFO] [stderr] WARNING: Your kernel does not support swap limit capabilities or the cgroup is not mounted. Memory limited without swap.
[INFO] running `Command { std: "docker" "start" "-a" "efe53c0fe4b9b54538d3fe266d44b2289cf20d2806af931cef84b5adbbdca4ab", kill_on_drop: false }`
[INFO] running `Command { std: "docker" "inspect" "efe53c0fe4b9b54538d3fe266d44b2289cf20d2806af931cef84b5adbbdca4ab", kill_on_drop: false }`
[INFO] running `Command { std: "docker" "rm" "-f" "efe53c0fe4b9b54538d3fe266d44b2289cf20d2806af931cef84b5adbbdca4ab", kill_on_drop: false }`
[INFO] [stdout] efe53c0fe4b9b54538d3fe266d44b2289cf20d2806af931cef84b5adbbdca4ab
[INFO] running `Command { std: "docker" "create" "-v" "/var/lib/crater-agent-workspace/builds/worker-0/target:/opt/rustwide/target:rw,Z" "-v" "/var/lib/crater-agent-workspace/builds/worker-0/source:/opt/rustwide/workdir:ro,Z" "-v" "/var/lib/crater-agent-workspace/cargo-home:/opt/rustwide/cargo-home:ro,Z" "-v" "/var/lib/crater-agent-workspace/rustup-home:/opt/rustwide/rustup-home:ro,Z" "-e" "SOURCE_DIR=/opt/rustwide/workdir" "-e" "CARGO_TARGET_DIR=/opt/rustwide/target" "-e" "CARGO_INCREMENTAL=0" "-e" "RUST_BACKTRACE=full" "-e" "RUSTFLAGS=--cap-lints=forbid" "-e" "CARGO_HOME=/opt/rustwide/cargo-home" "-e" "RUSTUP_HOME=/opt/rustwide/rustup-home" "-w" "/opt/rustwide/workdir" "-m" "1610612736" "--user" "0:0" "--network" "none" "rustops/crates-build-env@sha256:a636fd89d022f18117e1dc8fb37a0a009933cdbbe082814857f0e2024962d47c" "/opt/rustwide/cargo-home/bin/cargo" "+cfbc6d4cf1acbac5c025acf8ed68929caa551df3" "check" "--frozen" "--all" "--all-targets" "--message-format=json", kill_on_drop: false }`
[INFO] [stderr] WARNING: Your kernel does not support swap limit capabilities or the cgroup is not mounted. Memory limited without swap.
[INFO] [stdout] 43e49a5ef2be8d7430a7a57b35e97f723aaf1630aa5e3aa42d27bb36f0d601c3
[INFO] running `Command { std: "docker" "start" "-a" "43e49a5ef2be8d7430a7a57b35e97f723aaf1630aa5e3aa42d27bb36f0d601c3", kill_on_drop: false }`
[INFO] [stderr]    Compiling libc v0.2.62
[INFO] [stderr]    Compiling cc v1.0.45
[INFO] [stderr]     Checking cfg-if v0.1.9
[INFO] [stderr]    Compiling autocfg v0.1.6
[INFO] [stderr]     Checking lazy_static v1.4.0
[INFO] [stderr]    Compiling bitflags v1.1.0
[INFO] [stderr]    Compiling syn v0.15.44
[INFO] [stderr]    Compiling serde v1.0.100
[INFO] [stderr]    Compiling arrayvec v0.4.11
[INFO] [stderr]    Compiling failure_derive v0.1.5
[INFO] [stderr]    Compiling ryu v1.0.0
[INFO] [stderr]     Checking nodrop v0.1.13
[INFO] [stderr]     Checking scopeguard v1.0.0
[INFO] [stderr]     Checking unicode-width v0.1.6
[INFO] [stderr]     Checking rustc-demangle v0.1.16
[INFO] [stderr]     Checking strsim v0.8.0
[INFO] [stderr]     Checking vec_map v0.8.1
[INFO] [stderr]     Checking ansi_term v0.11.0
[INFO] [stderr]     Checking linked-hash-map v0.5.2
[INFO] [stderr]     Checking itoa v0.4.4
[INFO] [stderr]     Checking fallible-streaming-iterator v0.1.9
[INFO] [stderr]     Checking fallible-iterator v0.2.0
[INFO] [stderr]     Checking remove_dir_all v0.5.2
[INFO] [stderr]     Checking data-encoding v2.1.2
[INFO] [stderr]    Compiling libsqlite3-sys v0.16.0
[INFO] [stderr]     Checking crossbeam-utils v0.6.6
[INFO] [stderr]     Checking thread_local v0.3.6
[INFO] [stderr]     Checking humantime v1.2.0
[INFO] [stderr]     Checking textwrap v0.11.0
[INFO] [stderr]    Compiling proc-macro2 v1.0.3
[INFO] [stderr]    Compiling proc-macro2 v0.4.30
[INFO] [stderr]     Checking crc32fast v1.2.0
[INFO] [stderr]     Checking log v0.4.8
[INFO] [stderr]     Checking lru-cache v0.1.2
[INFO] [stderr]    Compiling memoffset v0.5.1
[INFO] [stderr]     Checking regex v1.3.1
[INFO] [stderr]     Checking crossbeam-queue v0.1.2
[INFO] [stderr]     Checking crossbeam-channel v0.3.9
[INFO] [stderr]    Compiling num-traits v0.2.8
[INFO] [stderr]    Compiling num-integer v0.1.41
[INFO] [stderr]    Compiling quote v1.0.2
[INFO] [stderr]     Checking crossbeam-epoch v0.7.2
[INFO] [stderr]     Checking atty v0.2.13
[INFO] [stderr]     Checking time v0.1.42
[INFO] [stderr]     Checking rand v0.4.6
[INFO] [stderr]     Checking num_cpus v1.10.1
[INFO] [stderr]    Compiling backtrace-sys v0.1.31
[INFO] [stderr]    Compiling openssl-sys v0.9.49
[INFO] [stderr]    Compiling miniz-sys v0.1.12
[INFO] [stderr]     Checking clap v2.33.0
[INFO] [stderr]    Compiling quote v0.6.13
[INFO] [stderr]    Compiling syn v1.0.5
[INFO] [stderr]     Checking crossbeam-deque v0.7.1
[INFO] [stderr]     Checking rusqlite v0.20.0
[INFO] [stderr]     Checking crossbeam v0.7.2
[INFO] [stderr]     Checking env_logger v0.6.2
[INFO] [stderr]     Checking flate2 v1.0.11
[INFO] [stderr]    Compiling openssl v0.10.24
[INFO] [stderr]     Checking tempdir v0.3.7
[INFO] [stderr]     Checking backtrace v0.3.37
[INFO] [stderr]    Compiling synstructure v0.10.2
[INFO] [stderr]    Compiling proc-macro-error v0.2.6
[INFO] [stderr]     Checking serde_json v1.0.40
[INFO] [stderr]     Checking chrono v0.4.9
[INFO] [stderr]    Compiling serde_derive v1.0.100
[INFO] [stderr]    Compiling structopt-derive v0.3.1
[INFO] [stderr]     Checking failure v0.1.5
[INFO] [stderr]     Checking structopt v0.3.1
[INFO] [stderr]     Checking weave v0.2.2
[INFO] [stderr]     Checking rsure v0.9.0 (/opt/rustwide/workdir)
[INFO] [stdout] error[E0432]: unresolved import `rsure::SureHash`
[INFO] [stdout]   --> benches/hash.rs:11:23
[INFO] [stdout]    |
[INFO] [stdout] 11 | use rsure::{Progress, SureHash};
[INFO] [stdout]    |                       ^^^^^^^^ no `SureHash` in the root
[INFO] [stdout] 
[INFO] [stdout] 
[INFO] [stdout] error[E0425]: cannot find function `scan_fs` in crate `rsure`
[INFO] [stdout]   --> benches/hash.rs:38:31
[INFO] [stdout]    |
[INFO] [stdout] 38 |         let mut tree = rsure::scan_fs(tmp.path()).unwrap();
[INFO] [stdout]    |                               ^^^^^^^ not found in `rsure`
[INFO] [stdout]    |
[INFO] [stdout] help: consider importing this function
[INFO] [stdout]    |
[INFO] [stdout] 11 | use rsure::fs::scan_fs;
[INFO] [stdout]    |
[INFO] [stdout] 
[INFO] [stdout] 
[INFO] [stdout] error[E0554]: `#![feature]` may not be used on the beta release channel
[INFO] [stdout]  --> benches/hash.rs:3:1
[INFO] [stdout]   |
[INFO] [stdout] 3 | #![feature(test)]
[INFO] [stdout]   | ^^^^^^^^^^^^^^^^^
[INFO] [stdout] 
[INFO] [stdout] 
[INFO] [stdout] error: aborting due to 3 previous errors
[INFO] [stdout] 
[INFO] [stdout] 
[INFO] [stdout] Some errors have detailed explanations: E0425, E0432, E0554.
[INFO] [stdout] 
[INFO] [stdout] For more information about an error, try `rustc --explain E0425`.
[INFO] [stdout] 
[INFO] [stderr] error: could not compile `rsure`.
[INFO] [stderr] 
[INFO] [stderr] To learn more, run the command again with --verbose.
[INFO] [stderr] warning: build failed, waiting for other jobs to finish...
[INFO] [stderr] error: build failed
[INFO] running `Command { std: "docker" "inspect" "43e49a5ef2be8d7430a7a57b35e97f723aaf1630aa5e3aa42d27bb36f0d601c3", kill_on_drop: false }`
[INFO] running `Command { std: "docker" "rm" "-f" "43e49a5ef2be8d7430a7a57b35e97f723aaf1630aa5e3aa42d27bb36f0d601c3", kill_on_drop: false }`
[INFO] [stdout] 43e49a5ef2be8d7430a7a57b35e97f723aaf1630aa5e3aa42d27bb36f0d601c3
